t 14354004 (base 6) to base 5.
111402421
What is -216442 (base 9) in base 15?
-28515
-1431241003 (base 5) to base 3
-21002202122102
What is 1201412 (base 5) in base 11?
15678
What is -84ab (base 14) in base 7?
-123504
Convert 104030 (base 6) to base 14.
3226
Convert 111001011010111010 (base 2) to base 8.
713272
What is 431423 (base 13) in base 14?
2cd753
1011010100110111 (base 2) to base 4
23110313
What is -48add1 (base 16) in base 7?
-55325362
Convert 103355123 (base 7) to base 10.
6181955
Convert 1a88656 (base 11) to base 14.
675558
Convert -10313233121 (base 4) to base 13.
-359273
What is 1100100111100100 (base 2) in base 15?
104a9
-1466a45 (base 13) to base 2
-11000110010011111100100
-739859 (base 10) to base 7
-6201011
What is 109d40 (base 15) in base 14?
168c7d
Convert -21a100 (base 12) to base 16.
-82d10
Convert -42200421 (base 5) to base 14.
-9183d
Convert -1010110010011001010110 (base 2) to base 15.
-3acd42
-91c9 (base 16) to base 7
-213544
Convert 1592178 (base 10) to base 7.
16350630
Convert 6746857 (base 10) to base 12.
2314521
Convert -67a571 (base 15) to base 7.
-60015451
Convert -10010110010010101100000 (base 2) to base 12.
-1795b94
Convert 211021213120 (base 4) to base 13.
202c969
What is 100101010110100001 (base 2) in base 14?
3da81
What is -134233043 (base 5) in base 12?
-29695b
Convert a32721 (base 12) to base 2.
1001101111110010001001
76066 (base 8) to base 12
1649a
What is 613449 (base 11) in base 16?
f0985
Convert b7622b (base 15) to base 7.
134121524
What is -150352040 (base 6) in base 2?
-1011110111001010111000
Convert 1056562 (base 9) to base 5.
121202311
110012121002 (base 3) to base 13
85499
What is 27dacc (base 15) in base 10?
1919442
-715225 (base 10) to base 4
-2232213121
425623 (base 9) to base 12
102826
What is 331301112 (base 4) in base 2?
111101110001010110
What is 1001011101100100110 (base 2) in base 7?
2430643
110002012011 (base 3) to base 2
111010000011100001
Convert 1a364 (base 12) to base 8.
113174
1521705 (base 12) to base 9
8034275
3500673 (base 10) to base 9
6525016
What is 1002122311 (base 4) in base 8?
1023265
Convert 112937 (base 10) to base 5.
12103222
What is -36a3b (base 14) in base 4?
-200221131
-2203552 (base 6) to base 5
-12002344
97eb (base 16) to base 4
21133223
What is -321313001302 (base 4) in base 8?
-71670162
-2adc3b (base 14) to base 16
-16db1d
Convert -35809 (base 14) to base 12.
-63669
153aa (base 15) to base 2
10000101011101111
-1443245 (base 7) to base 5
-22230031
What is -1346054 (base 8) in base 10?
-379948
5062365 (base 10) to base 13
10832a9
17a963 (base 12) to base 7
3336006
What is -96a8d1 (base 15) in base 2?
-11011010111011011101111
12423424 (base 5) to base 12
5b652
1047531 (base 8) to base 12
117561
What is 804537 (base 9) in base 7?
4021006
-a47aa (base 11) to base 6
-3134541
Convert 1c8bcc (base 14) to base 7.
11460545
What is -8e4a (base 15) in base 14?
-b028
Convert a6112 (base 12) to base 15.
4485b
What is -227266 (base 11) in base 9?
-610187
-11111101000111111 (base 2) to base 8
-375077
What is 524815 (base 9) in base 3?
120211220112
Convert 149a522 (base 11) to base 12.
a36401
Convert -435449 (base 11) to base 5.
-134222234
12332011123 (base 4) to base 16
1be15b
Convert -797cb1 (base 14) to base 2.
-1111110000110110000011
What is 821c (base 14) in base 6?
251322
12144166 (base 7) to base 12
444a81
What is -b02cb (base 13) in base 15?
-63386
-64626 (base 8) to base 13
-c3c3
Convert -6203858 (base 10) to base 13.
-1392a2b
-10012222111 (base 3) to base 9
-105874
What is 1301182 (base 10) in base 16?
13dabe
-1216004 (base 7) to base 5
-14440401
Convert -10011101100010001101 (base 2) to base 9.
-1183116
What is 12744372 (base 8) in base 5?
1213310443
Convert 5873 (base 9) to base 4.
1010013
Convert 25107 (base 12) to base 2.
1100010001010111
What is -41155bb (base 12) in base 7?
-205615406
236585 (base 14) to base 8
4470211
Convert 93612 (base 16) to base 10.
603666
-4413c (base 14) to base 2
-101000010000011010
What is -33cd9 (base 16) in base 7?
-1542421
370c63 (base 15) to base 13
71365b
Convert -38774 (base 14) to base 16.
-21db2
Convert 212030153 (base 6) to base 11.
2122271
-ce35b5 (base 16) to base 5
-11424423130
What is 308607 (base 15) in base 8?
10630662
-7c8c9 (base 13) to base 11
-146179
1001111010000 (base 2) to base 14
1bc4
What is -1776838 (base 9) in base 8?
-3630670
Convert 10443440 (base 5) to base 10.
93620
What is -22059 (base 13) in base 4?
-33002112
What is 11010011010011100011 (base 2) in base 6?
30314551
What is 32062503 (base 7) in base 4?
22120113303
Convert 24312354 (base 6) to base 14.
161330
What is 24257445 (base 8) in base 11?
3012656
What is -18099 (base 14) in base 2?
-1110110001010111
What is -5920110 (base 10) in base 12?
-1b95ba6
Convert -668421 (base 11) to base 5.
-233042212
Convert -2735365 (base 9) to base 3.
-2211012102012
-20000122111011 (base 3) to base 15
-433864
What is 1000110011011000101 (base 2) in base 7?
2310654
Convert -812465 (base 9) to base 4.
-1311120122
Convert -f471 (base 16) to base 14.
-18b3b
Convert -4913978 (base 10) to base 9.
-10218635
What is -3355626 (base 8) in base 3?
-1201010210101
What is -125443012 (base 6) in base 7?
-30221642
Convert 2136150 (base 8) to base 11.
361163
Convert -1240263 (base 10) to base 2.
-100101110110011000111
Convert -90714 (base 10) to base 12.
-445b6
Convert 12102212220020 (base 3) to base 15.
3c1979
32100123021 (base 4) to base 16
3906c9
-100 (base 7) to base 4
-301
Convert -139990a (base 11) to base 10.
-2399561
-11b1b97 (base 12) to base 4
-31032101203
Convert 10101011111001001 (base 2) to base 15.
1b124
-79472 (base 11) to base 6
-2244313
-302160 (base 7) to base 4
-30133332
What is 111549 (base 12) in base 8?
1023311
Convert 214435221 (base 6) to base 8.
16566675
159b2 (base 14) to base 16
d328
Convert 33633a (base 11) to base 9.
1005464
What is -4066c2 (base 15) in base 2?
-1011101010111001010010
Convert -42663312 (base 7) to base 16.
-37a1cf
Convert -b8105 (base 13) to base 3.
-121212022101
52050501 (base 6) to base 5
340442103
What is 10110010011101101 (base 2) in base 10?
91373
What is -1671360 (base 8) in base 12?
-1b6614
cc745b (base 13) to base 9
10047070
What is -3203230232 (base 4) in base 14?
-1a3c62
-34255400 (base 8) to base 3
-111222102111010
-200957 (base 16) to base 10
-2099543
What is -17605475 (base 8) in base 15?
-5692d0
Convert 2210823 (base 9) to base 11.
7417a1
b2d3b (base 15) to base 5
121112411
130022102 (base 4) to base 2
11100001010010010
212052 (base 6) to base 5
1023222
abc173 (base 14) to base 3
101222101210121
What is -1625384 (base 11) in base 10?
-2774259
What is 6677b (base 12) in base 8?
411317
Convert -68bb9 (base 12) to base 6.
-2555553
-2000002121111 (base 3) to base 15
-16075a
What is -66265 (base 8) in base 16?
-6cb5
228397 (base 10) to base 7
1640611
What is 105a17 (base 11) in base 9?
276654
What is -37848 (base 13) in base 7?
-604521
What is 15063537 (base 8) in base 14?
655819
What is 100011100000111100 (base 2) in base 10?
145468
Convert 351569 (base 10) to base 6.
11311345
2103213 (base 7) to base 8
756472
152132035 (base 6) to base 15
42d952
1025065 (base 13) to base 8
22530427
What is -11002442 (base 5) in base 12?
-46576
Convert -176338 (base 11) to base 15.
-55888
Convert 3434401302 (base 5) to base 9.
15483502
Convert c0464 (base 15) to base 10.
608494
What is 2650c9 (base 13) in base 15?
134187
103420222 (base 5) to base 9
757067
What is -397719 (base 11) in base 13?
-18b6b1
What is 2721492 (base 11) in base 6?
244435005
Convert b8b1 (base 16) to base 11.
32583
13b88a6 (base 13) to base 16
5fbb83
What is 271f2 (base 16) in base 12?
78896
What is 32131311 (base 4) in base 6?
1134153
-110121110220 (base 3) to base 4
-330212100
What is -111102333001 (base 4) in base 10?
-5582785
Convert 142400404 (base 5) to base 9.
1357586
Convert 6063025 (base 7) to base 2.
10110000000111000100
What is -202333121 (base 4) in base 13?
-50309
11132310103 (base 4) to base 6
50444311
11052142 (base 6) to base 12
141052
Convert b2a7f (base 16) to base 4.
2302221333
Convert 101401 (base 5) to base 13.
16aa
What is -33088 (base 10) in base 13?
-120a3
Convert 626948a (base 11) to base 10.
11051875
-122133133122 (base 4) to base 11
-3a13751
-2102